3
What are the prime factors of 254727?
3, 11, 31, 83
What are the prime factors of 503909?
7, 71987
What are the prime factors of 120534?
2, 3, 20089
List the prime factors of 13555691.
271, 50021
What are the prime factors of 179142?
2, 3, 73, 409
List the prime factors of 2449550.
2, 5, 48991
List the prime factors of 6065341.
6065341
What are the prime factors of 85273?
269, 317
List the prime factors of 20900677.
7, 29, 149, 691
List the prime factors of 667301.
17, 2309
What are the prime factors of 259804?
2, 64951
List the prime factors of 4782724.
2, 1195681
List the prime factors of 619281.
3, 13, 67, 79
List the prime factors of 15717382.
2, 61, 128831
What are the prime factors of 388187?
388187
List the prime factors of 113597.
11, 23, 449
What are the prime factors of 1423600?
2, 5, 3559
What are the prime factors of 4996346?
2, 2498173
List the prime factors of 2340187.
2340187
List the prime factors of 95113.
227, 419
What are the prime factors of 297733?
173, 1721
List the prime factors of 1016046.
2, 3, 47, 1201
List the prime factors of 648272.
2, 31, 1307
What are the prime factors of 6371212?
2, 659, 2417
What are the prime factors of 116132?
2, 29033
What are the prime factors of 925887?
3, 59, 5231
List the prime factors of 1802375.
5, 14419
List the prime factors of 108299.
37, 2927
What are the prime factors of 1384664?
2, 73, 2371
List the prime factors of 122599.
122599
What are the prime factors of 8043577?
1109, 7253
List the prime factors of 34793192.
2, 7, 43, 14449
What are the prime factors of 2559831?
3, 23, 1613
List the prime factors of 388681.
197, 1973
What are the prime factors of 519558?
2, 3, 13, 6661
List the prime factors of 259043.
83, 3121
What are the prime factors of 8437753?
29, 79, 127
What are the prime factors of 1652898?
2, 3, 13, 21191
What are the prime factors of 29680?
2, 5, 7, 53
List the prime factors of 666297.
3, 101, 733
What are the prime factors of 1211837?
11, 41, 2687
What are the prime factors of 14162?
2, 73, 97
List the prime factors of 2522108.
2, 337, 1871
What are the prime factors of 773170?
2, 5, 77317
List the prime factors of 5422498.
2, 37, 73277
What are the prime factors of 3429759?
3, 73, 15661
List the prime factors of 35676.
2, 3, 991
List the prime factors of 1951104.
2, 3, 5081
List the prime factors of 281658.
2, 3, 13, 23, 157
List the prime factors of 47671.
13, 19, 193
List the prime factors of 555649.
61, 9109
What are the prime factors of 2845447?
11, 258677
List the prime factors of 1881371.
89, 21139
What are the prime factors of 216741?
3, 7, 10321
List the prime factors of 3844412.
2, 11, 13, 47
List the prime factors of 18058103.
7, 2579729
List the prime factors of 14307315.
3, 5, 11, 86711
What are the prime factors of 11515359?
3, 367, 10459
List the prime factors of 18636347.
18636347
What are the prime factors of 16056085?
5, 53, 60589
List the prime factors of 1905043.
7, 31, 8779
List the prime factors of 340241.
11, 30931
What are the prime factors of 175749?
3, 7, 8369
What are the prime factors of 25135740?
2, 3, 5, 7, 19949
What are the prime factors of 575303?
575303
What are the prime factors of 695128?
2, 7, 12413
List the prime factors of 1568732.
2, 11, 101, 353
What are the prime factors of 1073536?
2, 8387
What are the prime factors of 2949570?
2, 3, 5, 13, 2521
List the prime factors of 2242249.
17, 41, 3217
What are the prime factors of 19734667?
23, 858029
List the prime factors of 607257.
3, 7, 17
List the prime factors of 2165080.
2, 5, 113, 479
List the prime factors of 566234.
2, 283117
List the prime factors of 4093085.
5, 31, 26407
List the prime factors of 608935.
5, 121787
List the prime factors of 13301823.
3, 4433941
List the prime factors of 5733422.
2, 2866711
What are the prime factors of 2094479?
179, 11701
What are the prime factors of 1290872?
2, 11, 14669
What are the prime factors of 180255?
3, 5, 61, 197
What are the prime factors of 583965?
3, 5, 19, 683
List the prime factors of 9193758.
2, 3, 7, 19, 41, 281
What are the prime factors of 96083?
13, 19, 389
What are the prime factors of 458244?
2, 3, 4243
List the prime factors of 234399.
3, 11, 7103
What are the prime factors of 612644?
2, 103, 1487
List the prime factors of 678686.
2, 61, 5563
What are the prime factors of 167807?
17, 9871
What are the prime factors of 1979673?
3, 97, 6803
List the prime factors of 994182.
2, 3, 7, 23671
List the prime factors of 841897.
7, 43, 2797
List the prime factors of 694781.
694781
What are the prime factors of 3741704?
2, 467713
What are the prime factors of 162105?
3, 5, 101, 107
List the prime factors of 407526.
2, 3, 7, 31, 313
What are the prime factors of 9065917?
7, 1295131
What are the prime factors of 3226780?
2, 5, 161339
What are the prime factors of 482320?
2, 5, 6029
What are the prime factors of 3699948?
2, 3, 7, 17, 2591
List the prime factors of 434470.
2, 5, 23, 1889
List the prime factors of 15836754.
2, 3, 163, 16193
List the prime factors of 5604138.
2, 3, 311341
List the prime factors of 160541.
160541
What are the prime factors of 1374463?
293, 4691
What are the prime factors of 938682?
2, 3, 17383
What are the prime factors of 595621?
13, 45817
What are the prime factors of 4470168?
2, 3, 19, 9803
List the prime factors of 280779.
3, 173, 541
What are the prime factors of 1869896?
2, 7, 33391
What are the prime factors of 1314189?
3, 146021
What are the prime factors of 703688?
2, 87961
List the prime factors of 510608.
2, 7, 47, 97
List the prime factors of 4020170.
2, 5, 7, 11, 23, 227
What are the prime factors of 5561350?
2, 5, 111227
List the prime factors of 19019738.
2, 607, 15667
List the prime factors of 199945.
5, 39989
What are the prime factors of 211881?
3, 70627
List the prime factors of 23247345.
3, 5, 11, 140893
List the prime factors of 325276.
2, 7, 11617
What are the prime factors of 3559569?
3, 13, 107, 853
What are the prime factors of 1301804?
2, 7, 19, 2447
List the prime factors of 192291.
3, 11, 5827
What are the prime factors of 67805?
5, 71, 191
What are the prime factors of 2018603?
29, 47, 1481
List the prime factors of 452067.
3, 7, 11, 19, 103
What are the prime factors of 171078?
2, 3, 28513
What are the prime factors of 372025?
5, 23, 647
List the prime factors of 25961914.
2, 11, 1180087
List the prime factors of 867436.
2, 216859
List the prime factors of 567640.
2, 5, 23, 617
List the prime factors of 85638.
2, 3, 7, 2039
List the prime factors of 252660.
2, 3, 5, 4211
What are the prime factors of 235309?
235309
What are the prime factors of 358227?
3, 53, 751
List the prime factors of 207399.
3, 257, 269
List the prime factors of 484093.
101, 4793
What are the prime factors of 63670?
2, 5, 6367
What are the prime factors of 247319?
23, 10753
What are the prime factors of 3903?
3, 1301
List the prime factors of 1284043.
1284043
List the prime factors of 100799.
100799
List the prime factors of 7949757.
3, 269, 9851
What are the prime factors of 3518242?
2, 7, 13, 1487
What are the prime factors of 4814887?
7, 11, 8933
List the prime factors of 1530133.
11, 113, 1231
What are the prime factors of 15716593?
1061, 14813
What are the prime factors of 3673276?
2, 918319
What are the prime factors of 1992932?
2, 101, 4933
List the prime factors of 325062.
2, 3, 18059
List the prime factors of 17980.
2, 5, 29, 31
What are the prime factors of 1628588?
2, 13, 31319
List the prime factors of 497203.
7, 73, 139
List the prime factors of 1934384.
2, 120899
What are the prime factors of 64268?
2, 16067
List the prime factors of 1696026.
2, 3, 282671
List the prime factors of 2030004.
2, 3, 17, 31, 107
List the prime factors of 1832626.
2, 19, 29, 1663
List the prime factors of 943583.
103, 9161
List the prime factors of 9055418.
2, 4527709
What are the prime factors of 3069840?
2, 3, 5, 12791
What are the prime factors of 10435379?
1051, 9929
List the prime factors of 7036064.
2, 7, 101, 311
What are the prime factors of 179680?
2, 5, 1123
What are the prime factors of 7522548?
2, 3, 11, 56989
What are the prime factors of 14246146?
2, 7123073
List the prime factors of 1078505.
5, 41, 5261
List the prime factors of 638000.
2, 5, 11, 29
List the prime factors of 1906